{"id":153,"date":"2022-01-19T18:44:16","date_gmt":"2022-01-19T18:44:16","guid":{"rendered":"https:\/\/rhinnova.es\/?page_id=153"},"modified":"2022-01-20T11:51:08","modified_gmt":"2022-01-20T11:51:08","slug":"desatascos-24-h","status":"publish","type":"page","link":"https:\/\/rhinnova.es\/?page_id=153","title":{"rendered":"Desatascos 24 h"},"content":{"rendered":"\n<h2 class=\"wp-block-heading\"><\/h2>\n\n\n\n<p>El RH INNOVA contamos con un servicio de&nbsp;<strong>desatascos de urgencia las 24 horas del d\u00eda.<\/strong>&nbsp;Si necesitas que te demos una soluci\u00f3n r\u00e1pida y efectiva a tus<strong>&nbsp;problemas de atascos y obstrucciones,<\/strong>&nbsp;solo tienes que ponerte en contacto con nosotros.<\/p>\n\n\n\n<p>Nuestro equipo atiende:<\/p>\n\n\n\n<ul class=\"wp-block-list\"><li>Desatascos urgentes<\/li><li>Desatascos de arquetas<\/li><li>Desatascos de fregaderos<\/li><li>Desatascos de desag\u00fces y fregaderos<\/li><li>\u00a1Y mucho m\u00e1s!<\/li><\/ul>\n\n\n\n<p>Contacta con nosotros y realizaremos un estudio de tus necesidades p<strong>ara dar una soluci\u00f3n que se adapte a ti.<\/strong><\/p>\n\n\n\n<p><\/p>\n\n\n\n<figure class=\"wp-block-gallery columns-2 is-cropped wp-block-gallery-1 is-layout-flex wp-block-gallery-is-layout-flex\"><ul class=\"blocks-gallery-grid\"><li class=\"blocks-gallery-item\"><figure><img loading=\"lazy\" decoding=\"async\" width=\"409\" height=\"283\" src=\"https:\/\/rhinnova.es\/wp-content\/uploads\/2022\/01\/cuba_Img_tarragona-1.png\" alt=\"\" data-id=\"237\" data-full-url=\"https:\/\/rhinnova.es\/wp-content\/uploads\/2022\/01\/cuba_Img_tarragona-1.png\" data-link=\"https:\/\/rhinnova.es\/?attachment_id=237\" class=\"wp-image-237\" srcset=\"https:\/\/rhinnova.es\/wp-content\/uploads\/2022\/01\/cuba_Img_tarragona-1.png 409w, https:\/\/rhinnova.es\/wp-content\/uploads\/2022\/01\/cuba_Img_tarragona-1-300x208.png 300w\" sizes=\"auto, (max-width: 409px) 100vw, 409px\" \/><\/figure><\/li><li class=\"blocks-gallery-item\"><figure><img loading=\"lazy\" decoding=\"async\" width=\"231\" height=\"237\" src=\"https:\/\/rhinnova.es\/wp-content\/uploads\/2022\/01\/Urgencias-logo-e1440520366823.png\" alt=\"\" data-id=\"238\" data-full-url=\"https:\/\/rhinnova.es\/wp-content\/uploads\/2022\/01\/Urgencias-logo-e1440520366823.png\" data-link=\"https:\/\/rhinnova.es\/?attachment_id=238\" class=\"wp-image-238\"\/><\/figure><\/li><\/ul><\/figure>\n","protected":false},"excerpt":{"rendered":"<p>El RH INNOVA contamos con un servicio de&nbsp;desatascos de urgencia las 24 horas del d\u00eda.&nbsp;Si necesitas que te demos una soluci\u00f3n r\u00e1pida y efectiva a tus&nbsp;problemas de atascos y obstrucciones,&nbsp;solo tienes que ponerte en contacto con nosotros. Nuestro equipo atiende: Desatascos urgentes Desatascos de arquetas Desatascos de fregaderos Desatascos de desag\u00fces y fregaderos \u00a1Y mucho <a href=\"https:\/\/rhinnova.es\/?page_id=153\" rel=\"nofollow\"><span class=\"sr-only\">Read more about Desatascos 24 h<\/span>[&hellip;]<\/a><\/p>\n","protected":false},"author":1,"featured_media":0,"parent":0,"menu_order":0,"comment_status":"closed","ping_status":"closed","template":"","meta":{"footnotes":""},"class_list":["post-153","page","type-page","status-publish","hentry"],"_links":{"self":[{"href":"https:\/\/rhinnova.es\/index.php?rest_route=\/wp\/v2\/pages\/153","targetHints":{"allow":["GET"]}}],"collection":[{"href":"https:\/\/rhinnova.es\/index.php?rest_route=\/wp\/v2\/pages"}],"about":[{"href":"https:\/\/rhinnova.es\/index.php?rest_route=\/wp\/v2\/types\/page"}],"author":[{"embeddable":true,"href":"https:\/\/rhinnova.es\/index.php?rest_route=\/wp\/v2\/users\/1"}],"replies":[{"embeddable":true,"href":"https:\/\/rhinnova.es\/index.php?rest_route=%2Fwp%2Fv2%2Fcomments&post=153"}],"version-history":[{"count":4,"href":"https:\/\/rhinnova.es\/index.php?rest_route=\/wp\/v2\/pages\/153\/revisions"}],"predecessor-version":[{"id":239,"href":"https:\/\/rhinnova.es\/index.php?rest_route=\/wp\/v2\/pages\/153\/revisions\/239"}],"wp:attachment":[{"href":"https:\/\/rhinnova.es\/index.php?rest_route=%2Fwp%2Fv2%2Fmedia&parent=153"}],"curies":[{"name":"wp","href":"https:\/\/api.w.org\/{rel}","templated":true}]}}