{"id":151,"date":"2022-01-19T18:44:16","date_gmt":"2022-01-19T18:44:16","guid":{"rendered":"https:\/\/rhinnova.es\/?page_id=151"},"modified":"2022-01-20T10:39:05","modified_gmt":"2022-01-20T10:39:05","slug":"impermeabilizaciones","status":"publish","type":"page","link":"https:\/\/rhinnova.es\/?page_id=151","title":{"rendered":"Impermeabilizaciones"},"content":{"rendered":"\n<h2 class=\"wp-block-heading\"><\/h2>\n\n\n\n<p>En RH INNOVA somos expertos en la<strong>\u00a0realizaci\u00f3n de impermeabilizaciones.<\/strong>\u00a0Trabajamos impermeabilizaciones a base de caucho y de fibra con\u00a0<strong>distintos acabados:<\/strong><\/p>\n\n\n\n<ul class=\"wp-block-list\"><li>Arena de cuarzo<\/li><li>Liso<\/li><li>Colocaci\u00f3n de gres<\/li><\/ul>\n\n\n\n<p>En nuestro equipo contamos con las<strong>\u00a0\u00faltimas tecnolog\u00edas para impermeabilizar terrazas<\/strong>\u00a0con base de resina incolora. Esta opci\u00f3n no necesita sustituci\u00f3n del propio suelo y as\u00ed se evita el encarecimiento de la obra.<\/p>\n\n\n\n<figure class=\"wp-block-gallery columns-3 is-cropped wp-block-gallery-1 is-layout-flex wp-block-gallery-is-layout-flex\"><ul class=\"blocks-gallery-grid\"><li class=\"blocks-gallery-item\"><figure><img loading=\"lazy\" decoding=\"async\" width=\"768\" height=\"1024\" src=\"https:\/\/rhinnova.es\/wp-content\/uploads\/2022\/01\/trabajos-verticales-cubiertas-y-fachadas-en-terrassa-773x1030-1-768x1024.jpg\" alt=\"\" data-id=\"62\" data-full-url=\"https:\/\/rhinnova.es\/wp-content\/uploads\/2022\/01\/trabajos-verticales-cubiertas-y-fachadas-en-terrassa-773x1030-1.jpg\" data-link=\"https:\/\/rhinnova.es\/?attachment_id=62\" class=\"wp-image-62\" srcset=\"https:\/\/rhinnova.es\/wp-content\/uploads\/2022\/01\/trabajos-verticales-cubiertas-y-fachadas-en-terrassa-773x1030-1-768x1023.jpg 768w, https:\/\/rhinnova.es\/wp-content\/uploads\/2022\/01\/trabajos-verticales-cubiertas-y-fachadas-en-terrassa-773x1030-1-225x300.jpg 225w, https:\/\/rhinnova.es\/wp-content\/uploads\/2022\/01\/trabajos-verticales-cubiertas-y-fachadas-en-terrassa-773x1030-1.jpg 773w\" sizes=\"auto, (max-width: 768px) 100vw, 768px\" \/><\/figure><\/li><li class=\"blocks-gallery-item\"><figure><img loading=\"lazy\" decoding=\"async\" width=\"1024\" height=\"768\" src=\"https:\/\/rhinnova.es\/wp-content\/uploads\/2022\/01\/indice46-1030x773-1-1024x768.jpg\" alt=\"\" data-id=\"48\" data-full-url=\"https:\/\/rhinnova.es\/wp-content\/uploads\/2022\/01\/indice46-1030x773-1.jpg\" data-link=\"https:\/\/rhinnova.es\/?attachment_id=48\" class=\"wp-image-48\" srcset=\"https:\/\/rhinnova.es\/wp-content\/uploads\/2022\/01\/indice46-1030x773-1-1024x768.jpg 1024w, https:\/\/rhinnova.es\/wp-content\/uploads\/2022\/01\/indice46-1030x773-1-300x225.jpg 300w, https:\/\/rhinnova.es\/wp-content\/uploads\/2022\/01\/indice46-1030x773-1-768x576.jpg 768w, https:\/\/rhinnova.es\/wp-content\/uploads\/2022\/01\/indice46-1030x773-1.jpg 1030w\" sizes=\"auto, (max-width: 1024px) 100vw, 1024px\" \/><\/figure><\/li><li class=\"blocks-gallery-item\"><figure><img loading=\"lazy\" decoding=\"async\" width=\"768\" height=\"1024\" src=\"https:\/\/rhinnova.es\/wp-content\/uploads\/2022\/01\/indice23-773x1030-1-768x1024.jpg\" alt=\"\" data-id=\"43\" data-full-url=\"https:\/\/rhinnova.es\/wp-content\/uploads\/2022\/01\/indice23-773x1030-1.jpg\" data-link=\"https:\/\/rhinnova.es\/?attachment_id=43\" class=\"wp-image-43\" srcset=\"https:\/\/rhinnova.es\/wp-content\/uploads\/2022\/01\/indice23-773x1030-1-768x1023.jpg 768w, https:\/\/rhinnova.es\/wp-content\/uploads\/2022\/01\/indice23-773x1030-1-225x300.jpg 225w, https:\/\/rhinnova.es\/wp-content\/uploads\/2022\/01\/indice23-773x1030-1.jpg 773w\" sizes=\"auto, (max-width: 768px) 100vw, 768px\" \/><\/figure><\/li><\/ul><\/figure>\n","protected":false},"excerpt":{"rendered":"<p>En RH INNOVA somos expertos en la\u00a0realizaci\u00f3n de impermeabilizaciones.\u00a0Trabajamos impermeabilizaciones a base de caucho y de fibra con\u00a0distintos acabados: Arena de cuarzo Liso Colocaci\u00f3n de gres En nuestro equipo contamos con las\u00a0\u00faltimas tecnolog\u00edas para impermeabilizar terrazas\u00a0con base de resina incolora. Esta opci\u00f3n no necesita sustituci\u00f3n del propio suelo y as\u00ed se evita el encarecimiento de <a href=\"https:\/\/rhinnova.es\/?page_id=151\" rel=\"nofollow\"><span class=\"sr-only\">Read more about Impermeabilizaciones<\/span>[&hellip;]<\/a><\/p>\n","protected":false},"author":1,"featured_media":0,"parent":0,"menu_order":0,"comment_status":"closed","ping_status":"closed","template":"","meta":{"footnotes":""},"class_list":["post-151","page","type-page","status-publish","hentry"],"_links":{"self":[{"href":"https:\/\/rhinnova.es\/index.php?rest_route=\/wp\/v2\/pages\/151","targetHints":{"allow":["GET"]}}],"collection":[{"href":"https:\/\/rhinnova.es\/index.php?rest_route=\/wp\/v2\/pages"}],"about":[{"href":"https:\/\/rhinnova.es\/index.php?rest_route=\/wp\/v2\/types\/page"}],"author":[{"embeddable":true,"href":"https:\/\/rhinnova.es\/index.php?rest_route=\/wp\/v2\/users\/1"}],"replies":[{"embeddable":true,"href":"https:\/\/rhinnova.es\/index.php?rest_route=%2Fwp%2Fv2%2Fcomments&post=151"}],"version-history":[{"count":3,"href":"https:\/\/rhinnova.es\/index.php?rest_route=\/wp\/v2\/pages\/151\/revisions"}],"predecessor-version":[{"id":210,"href":"https:\/\/rhinnova.es\/index.php?rest_route=\/wp\/v2\/pages\/151\/revisions\/210"}],"wp:attachment":[{"href":"https:\/\/rhinnova.es\/index.php?rest_route=%2Fwp%2Fv2%2Fmedia&parent=151"}],"curies":[{"name":"wp","href":"https:\/\/api.w.org\/{rel}","templated":true}]}}